{"id":4116,"date":"2016-05-29T13:31:46","date_gmt":"2016-05-29T11:31:46","guid":{"rendered":"http:\/\/www.marc-weiherhof.ch\/blog\/?page_id=4116"},"modified":"2017-04-23T22:31:40","modified_gmt":"2017-04-23T20:31:40","slug":"bei-kontoeroeffnung-verfuehrt","status":"publish","type":"page","link":"https:\/\/www.marc-weiherhof.ch\/blog\/bei-kontoeroeffnung-verfuehrt\/","title":{"rendered":"Bei Kontoer\u00f6ffnung verf\u00fchrt"},"content":{"rendered":"<h1><span class=\"a-size-base review-text\"><img loading=\"lazy\" decoding=\"async\" class=\"wp-image-4118 alignleft\" src=\"https:\/\/www.marc-weiherhof.ch\/blog\/wp-content\/uploads\/Bei-Kontoer\u00f6ffnung-verf\u00fchrt-Teil-1-cover.jpg\" sizes=\"auto, (max-width: 282px) 100vw, 282px\" srcset=\"https:\/\/www.marc-weiherhof.ch\/blog\/wp-content\/uploads\/Bei-Kontoer\u00f6ffnung-verf\u00fchrt-Teil-1-cover.jpg 1748w, https:\/\/www.marc-weiherhof.ch\/blog\/wp-content\/uploads\/Bei-Kontoer\u00f6ffnung-verf\u00fchrt-Teil-1-cover-211x300.jpg 211w, https:\/\/www.marc-weiherhof.ch\/blog\/wp-content\/uploads\/Bei-Kontoer\u00f6ffnung-verf\u00fchrt-Teil-1-cover-768x1090.jpg 768w, https:\/\/www.marc-weiherhof.ch\/blog\/wp-content\/uploads\/Bei-Kontoer\u00f6ffnung-verf\u00fchrt-Teil-1-cover-722x1024.jpg 722w, https:\/\/www.marc-weiherhof.ch\/blog\/wp-content\/uploads\/Bei-Kontoer\u00f6ffnung-verf\u00fchrt-Teil-1-cover-600x851.jpg 600w\" alt=\"Bei-Kontoer\u00f6ffnung-verf\u00fchrt-Teil-1-cover\" width=\"282\" height=\"400\" \/><\/span>Bei Kontoer\u00f6ffnung verf\u00fchrt<\/h1>\n<h3 style=\"text-align: left; padding-left: 30px;\">Gay Romance<\/h3>\n<p>&nbsp;<\/p>\n<blockquote>\n<p style=\"text-align: justify;\"><span class=\"a-size-base review-text\">&#8222;Diese Kurzgeschichte ist ein kleiner Snack f\u00fcr zwischendurch, der nicht den Anspruch erhebt tiefgr\u00fcndiger Natur zu sein, sondern schlicht und einfach unterhalten will.&#8220; ma.te.<\/span><\/p>\n<\/blockquote>\n<p style=\"text-align: right;\">\u00a0<\/p>\n<h3 style=\"text-align: center;\">E-Book\u00a0kostenlos laden:<\/h3>\n<p><a href=\"https:\/\/www.amazon.de\/Bei-Kontoer%C3%B6ffnung-verf%C3%BChrt-Gay-Romance-ebook\/dp\/B00YBXW7HQ\/ref=sr_1_3?ie=UTF8&amp;qid=1464521173&amp;sr=8-3&amp;keywords=kontoer%C3%B6ffnung\" target=\"_blank\" rel=\"noopener noreferrer\"><img loading=\"lazy\" decoding=\"async\" class=\"aligncenter\" src=\"https:\/\/www.marc-weiherhof.ch\/blog\/wp-content\/uploads\/Amazon-Logo-2.png\" alt=\"Amazon-Logo\" width=\"209\" height=\"100\" \/><\/a><\/p>\n<h2 style=\"text-align: justify;\">Inhaltsangabe<\/h2>\n<p style=\"text-align: justify;\">\u201aBei Kontoer\u00f6ffnung verf\u00fchrt\u2018 erz\u00e4hlt das erotische Zusammentreffen von Jim Decker (Bankberater) und Sasha Friedrich (Neukunde).<\/p>\n<p style=\"text-align: justify;\">Ein Blick gen\u00fcgt und die M\u00e4nner wissen, was sie wollen.<\/p>\n<p style=\"text-align: justify;\">Eine sexy Kurzgeschichte mit ca. 3.500 Worten. Dieses E-Book enth\u00e4lt homoerotische Inhalte und ist nur f\u00fcr Personen \u00fcber 18 Jahren geeignet.<\/p>\n<blockquote>\n<p style=\"text-align: justify;\">&#8222;Explizit geschrieben, ohne vulg\u00e4r zu wirken. das hat mir sehr gut gefallen. Mit wenigen Worten das Kopfkino angeregt und durch einem tollen Schreibstil untermalt. Freue mich schon auf den zweiten Teil.&#8220; Amazonasmaus<\/p>\n<\/blockquote>\n<h2 style=\"text-align: justify;\">Leseprobe<\/h2>\n<p style=\"text-align: justify;\">\u201eJim, ich habe Kundschaft f\u00fcr dich. Kontoer\u00f6ffnung\u201c, krakeelt Beatrix, die den Empfang h\u00fctet, durch die halbe Schalterhalle. Ihre Stimme ist so hoch und nervt\u00f6tend, dass Jim automatisch die Augen zusammenkneift. Hinter seinen Schl\u00e4fen h\u00e4mmert heftiger Kopfschmerz, der von ihrer Stimme angefeuert wird. Er ist genervt und gelangweilt, weil er in den letzten zwei Stunden keinen einzigen Kunden hatte. Sie st\u00f6ckelt in sein Beratungszimmer und er sieht sie an, das erste Mal an diesem Tag. Ein kalter Schauer \u00fcberzieht Jims R\u00fccken. Sie ist 58 Jahre alt, spindeld\u00fcrr, verbittert und alleinstehend mit einer Haut, die eindeutig zu lange den sch\u00e4dlichen Strahlen der Sonne ausgesetzt war. H\u00fcbsches Kleidchen \u2013 wenn sie 30 w\u00e4re. Wenn. Ihre faltigen Br\u00fcste f\u00fcllen den Stoff nur bedingt aus und doch l\u00e4sst sie so tief blicken, dass Jim in den vollen Genuss ihrer Weiblichkeit kommt.\u00a0<\/p>\n<p style=\"text-align: justify;\"><div class=\"su-expand su-expand-collapsed su-expand-link-style-default\" data-height=\"0\"><div class=\"su-expand-content su-u-trim\" style=\"color:#404040;max-height:0px;overflow:hidden\">\n<p style=\"text-align: justify\">\u201eNeukunde?\u201c, fragt er leicht ungehalten, als er sich von dem Anblick erholt hat.<\/p>\n<p style=\"text-align: justify\">\u201eHabe ich nicht gefragt\u201c, tr\u00e4llert sie zur\u00fcck. Kurz l\u00e4sst Jim die Augen rollen. <em>Nat\u00fcrlich hast du das nicht gefragt, warum solltest du auch? Es ist ja nicht so, als ob es ein dokumentiertes Vorgehen \u2013 eine Checkliste \u2013 g\u00e4be. Wir haben das ja auch nicht schon tausendmal besprochen. Mensch Bea, <\/em>denkt Jim, l\u00e4sst sich aber nichts anmerken.<\/p>\n<p style=\"text-align: justify\">\u201eGibst du mir noch den Ausweis?\u201c<\/p>\n<p style=\"text-align: justify\">\u201eOh, den habe ich vergessen. Tut mir leid\u201c, gibt sie zur\u00fcck. Ihre Worte sagen aus, dass sie es tats\u00e4chlich vergessen hat. Ihr Tonfall schreit geradezu: F\u00fcr einen Neukunden rei\u00dfe ich mir doch nicht den Hintern auf! Kannst den Ausweis selbst kopieren, du arrogantes Arschloch. \u00a0<\/p>\n<p style=\"text-align: justify\"><em>Hach, wie ich meinen Job liebe. Nach dem Namen muss ich gar nicht erst fragen, den wei\u00dft du sicherlich auch nicht. Warum auch? Verdaaaaaammt!<\/em><\/p>\n<p style=\"text-align: justify\">\u201eOkay, danke Bea. Komme sofort!\u201c<\/p>\n<p style=\"text-align: justify\">\u201eAch und Jim, er ist ein richtiges Sahneschnittchen, dein Kunde \u2026\u201c, fl\u00fcstert sie, als sie ihm zuzwinkert und ihn alleine l\u00e4sst. Er schenkt Bea ein gequ\u00e4ltes L\u00e4cheln und konzentriert sich auf seinen Computerbildschirm. Jims Gedanken rasen. <em>Ein Sahneschnittchen? F\u00fcr eine 58-j\u00e4hrige Jungfer ist jeder Typ, der noch alle Z\u00e4hne und Haare hat, ein Sahneschnittchen. Wuahahaha. Halte durch Jim, halte durch. Du liebst diesen Job, denk daran! <\/em>Mit dieser Gewissheit steht er auf, zieht die Krawatte stramm, wirft ein Atemfrisch ein, richtet seinen Anzug und verl\u00e4sst sein Beratungszimmer. Jeden Tag die gleichen idiotischen Gespr\u00e4che, jeden Tag, die gleichen Menschen, die kaum Deutsch sprechen, keinen Job haben und Sozialhilfe beziehen. Dennoch \u2013 oder gerade deswegen \u2013 wollen sie einen ungedeckten (!) Kontokorrentkredit und eine Kreditkarte haben. Jedes Mal muss sich Jim verteidigen, die Richtlinien der Bank vertreten und den Kopf hinhalten. Zum Gl\u00fcck, versteht er jeweils nicht alles, was ihm die Sozialhilfeempf\u00e4nger an den Kopf werfen.<\/p>\n<p style=\"text-align: justify\">Er marschiert in Richtung der Wartezone, dort wo die Kunden gew\u00f6hnlich wie Legehennen auf den St\u00fchlen verharren und genervt vor sich hin gackern, weil sie \u2013 angeblich \u2013 so lange warten m\u00fcssen. <em>Wo ist meine Motivation?! Wer hat meine Motivation gesehen? WO IST SIE?! Ach du heilige Schei\u00dfe! <\/em>Jim macht einen Ausfallschritt und muss sich konzentrieren, um nicht \u00fcber seine dunklen Designerschuhe zu stolpern. Das kann nicht sein, oder? Da wartet nur eine Person. Und was f\u00fcr eine.<\/p>\n<p style=\"text-align: justify\">Der Mann ist \u2026 ein Traum!<\/p>\n<p style=\"text-align: justify\">Er ist vertieft in sein Smartphone, tippt wild auf dem Bildschirm herum und scheint total abwesend zu sein. Das gibt Jim die M\u00f6glichkeit, den Typen genauer zu studieren. Lange, schlanke Beine, die in einer genialen schwarzen Jeans stecken. Schmale H\u00fcften, schlanker Oberk\u00f6rper und leicht muskul\u00f6se Oberarme. Kurze, dunkelblonde Haare, die er frech durchgewuschelt hat. Das wei\u00dfe Hemd ist so eng, dass man sogar die Nippel unter dem Stoff erahnen kann. Er hat sogar einen schmalen, schwarzen Schlips angezogen. Hot. Bea hat nicht \u00fcbertrieben: Sahneschnittchen hoch zehn! Bevor es noch peinlicher wird, klappt Jim seinen Mund zu, nimmt Haltung an und spricht den Kunden an:<\/p>\n<p style=\"text-align: justify\">\u201eGuten Tag. Sie m\u00f6chten ein Konto bei unserer Bank er\u00f6ffnen?\u201c<\/p>\n<p style=\"text-align: justify\">Der Kunde sieht auf, mustert Jim f\u00fcr einen Moment, der sich ein wenig zu lang hinzieht. Jims Knie werden weich wie Pudding. Dieser intensive Blick mit diesen bernsteinfarbenen Augen l\u00e4sst seinen Atem stocken. <em>Dieser Ausdruck, das markante Kinn, die perfekt definierten Augenbrauen. Wow.<\/em> Ein strahlendes L\u00e4cheln erhellt das Gesicht des Mannes, bevor er aufsteht und seine gepflegte Hand ausstreckt.<\/p>\n<p style=\"text-align: justify\">\u201eGenau, guten Tag. Mein Name ist Sasha Friedrich.\u201c<\/p>\n<p style=\"text-align: justify\">\u201eSehr erfreut, \u00e4h \u2013 ich \u2013 \u00e4hm \u2013Jim \u2013 Jim Decker\u201c, stammelt er wie ein Vollidiot, als sich ihre H\u00e4nde ber\u00fchren. Warm, vertraut und einladend. Beatrix, die das Ganze vom Empfangstresen aus beobachtet, scheint Gefallen daran zu finden. Ihr hochfrequentes Kichern schallt durch die Schalterhalle, um alle wartenden Kunden auf die M\u00e4nner aufmerksam zu machen.<\/p>\n<p style=\"text-align: justify\">\u201eEbenfalls erfreut\u201c, zwinkert der Kunde. Die beiden stehen sich gegen\u00fcber aber keiner r\u00fchrt sich. Der Kunde r\u00e4uspert sich und meint leise: \u201eWohin?\u201c<\/p>\n<p style=\"text-align: justify\">\u201eH\u00e4?\u201c<\/p>\n<p style=\"text-align: justify\">\u201eWo lang geht es in Ihr B\u00fcro?\u201c<\/p>\n<p style=\"text-align: justify\">\u201eOh, entschuldigen Sie bitte. Folgen Sie mir \u2026 \u00e4hm \u2026 bitte, also \u2026 \u00e4hm \u2026 in mein B\u00fcro! Hier entlang!\u201c Jims Wangen gl\u00fchen. So etwas ist ihm noch nie passiert. <em>Verdammt, wo bleibt meine Professionalit\u00e4t? Wohin hat sich das jahrelange Verhaltenstraining verkr\u00fcmelt? Wo ist meine coole Art abgeblieben?<\/em>, fragt er sich. Alles ist verpufft, als er diesen hinrei\u00dfenden jungen Typen sah. Es ist, als ob sein Hirn leergefegt wurde. Delete. Mit hochrotem Kopf geht Jim voraus, f\u00fchrt den Kunden in sein kleines B\u00fcro, in dem er die Kontoer\u00f6ffnungen durchf\u00fchrt. Erste Schwei\u00dfperlen glitzern auf seiner Stirn, sein Hemd ist pl\u00f6tzlich viel zu eng, die Krawatte zu fest. \u201eBitte, nehmen Sie Platz\u201c, versucht er es professioneller wirken zu lassen.<\/p>\n<p style=\"text-align: justify\">\u201eDanke\u201c, meint Sasha und schenkt Jim ein L\u00e4cheln, das diesem direkt in die Anzughose schie\u00dft. Er setzt sich hin, um seine Erregung zu verbergen. Er schlie\u00dft kurz die Augen, atmet tief ein und aus und findet damit seine Normalform wieder.<\/p>\n<p style=\"text-align: justify\">\u201eAlso, Herr Friedrich, Sie m\u00f6chten ein Konto bei uns er\u00f6ffnen. Haben Sie sich denn schon Gedanken \u00fcber die Art des Kontos gemacht?\u201c<\/p>\n<p style=\"text-align: justify\">\u201eIch br\u00e4uchte ein Girokonto und eine Kreditkarte. Was bieten Sie mir dazu f\u00fcr einen Service?\u201c, feixt der Kunde und zieht die eine Augenbraue hoch. Wie sexy ist das denn? Sasha sieht Jim l\u00fcstern an. Ein schiefes Grinsen erhellt sein Gesicht. <em>Dieser Kundenberater ist ja sowas von sexy. Was sich wohl unter diesem biederen, grauen Anzug verbirgt? Das wei\u00dfe Hemd dehnt sich ja schon mal an den richtigen Stellen und dieses Gesicht ist der Hammer!<\/em>, denkt Sasha, als er auf Jims Reaktion wartet. <em>Sieh\u2018 dir nur mal diese Kinnpartie an, die starken, gepflegten H\u00e4nde. Was er damit wohl alles anstellen kann? Rei\u00df\u2018 dich zusammen, Sasha!<\/em><\/p>\n<p style=\"text-align: justify\">\u201eDas Girokonto kostet f\u00fcnf Franken pro Monat. Die Kreditkarte 100 Franken im Jahr. Sie k\u00f6nnen damit \u00fcberall Geld \u2026\u201c, f\u00e4ngt Jim an, bevor er unterbrochen wird. Sasha kann sich nicht zusammenrei\u00dfen und geht in die Offensive.<\/p>\n<p style=\"text-align: justify\">\u201eWei\u00dft du, Herr Decker, wie egal mir das alles ist? Ich will wissen, was f\u00fcr einen After Sales-Service du mir bietest, wenn ich das Konto hier er\u00f6ffne?\u201c, schnurrt Sasha. Er betont die Worte \u201aAfter\u2018 und \u201adu\u2018 mehr als die anderen.<\/p>\n<p style=\"text-align: justify\">Bam!<\/p>\n<p style=\"text-align: justify\">Sasha bei\u00dft sich auf die Unterlippe und sieht Jim erwartungsvoll an, w\u00e4hrend ein keckes L\u00e4cheln seinen Mund umspielt. Er zieht die Augenbrauen hoch. Erotik in ihrer reinsten Form. Jim wird es jetzt definitiv zu hei\u00df. Er \u00f6ffnet den obersten Knopf seines wei\u00dfen Hemdes und lockert die Krawatte.<\/p>\n<p style=\"text-align: justify\">\u201eSie machen mich fertig\u201c, schnaubt Jim, als er den Kunden fixiert. Jetzt ist das Spiel er\u00f6ffnet und er spielt es ebenso gut wie Sasha. Dennoch ist er froh, dass der Kunde den ersten Schritt gewagt hat. Jim ist Kundenberater und seine M\u00f6glichkeiten in dieser Funktion sind mehr als eingeschr\u00e4nkt. Er will ja nicht gefeuert werden, weil er Kunden anbaggert. \u201eSie kriegen von mir \u2026\u201c<\/p>\n<p style=\"text-align: justify\">\u201eSasha und Du, bitte!\u201c<\/p>\n<p style=\"text-align: justify\"><\/div><div class=\"su-expand-link su-expand-link-more\" style=\"text-align:left\"><a href=\"javascript:;\" style=\"color:#ee6c48;border-color:#ee6c48\"><i class=\"sui sui-angle-double-down\" style=\"\" aria-label=\"\"><\/i><span style=\"border-color:#ee6c48\">Weiterlesen<\/span><\/a><\/div><div class=\"su-expand-link su-expand-link-less\" style=\"text-align:left\"><a href=\"javascript:;\" style=\"color:#ee6c48;border-color:#ee6c48\"><i class=\"sui sui-angle-double-up\" style=\"\" aria-label=\"\"><\/i><span style=\"border-color:#ee6c48\">Zuklappen<\/span><\/a><\/div><\/div>\n","protected":false},"excerpt":{"rendered":"<p>Bei Kontoer\u00f6ffnung verf\u00fchrt Gay Romance &nbsp; &#8222;Diese Kurzgeschichte ist ein kleiner Snack f\u00fcr zwischendurch, der nicht den Anspruch erhebt tiefgr\u00fcndiger Natur zu sein, sondern schlicht und einfach unterhalten will.&#8220; ma.te. \u00a0 E-Book\u00a0kostenlos laden: Inhaltsangabe \u201aBei Kontoer\u00f6ffnung verf\u00fchrt\u2018 erz\u00e4hlt das erotische Zusammentreffen von Jim Decker (Bankberater) und Sasha Friedrich (Neukunde). Ein &#8230; <\/p>\n<p class=\"read-more-container\"><a title=\"Bei Kontoer\u00f6ffnung verf\u00fchrt\" class=\"read-more button\" href=\"https:\/\/www.marc-weiherhof.ch\/blog\/bei-kontoeroeffnung-verfuehrt\/#more-4116\" aria-label=\"Mehr Informationen \u00fcber Bei Kontoer\u00f6ffnung verf\u00fchrt\">Jetzt weiterlesen<\/a><\/p>\n","protected":false},"author":3,"featured_media":0,"parent":0,"menu_order":0,"comment_status":"closed","ping_status":"closed","template":"","meta":{"footnotes":""},"class_list":{"0":"post-4116","1":"page","2":"type-page","3":"status-publish","5":"infinite-scroll-item"},"yoast_head":"<!-- This site is optimized with the Yoast SEO plugin v27.5 - https:\/\/yoast.com\/product\/yoast-seo-wordpress\/ -->\n<title>Bei Kontoer\u00f6ffnung verf\u00fchrt von Marc Weiherhof<\/title>\n<meta name=\"robots\" content=\"index, follow, max-snippet:-1, max-image-preview:large, max-video-preview:-1\" \/>\n<link rel=\"canonical\" href=\"https:\/\/www.marc-weiherhof.ch\/blog\/bei-kontoeroeffnung-verfuehrt\/\" \/>\n<meta property=\"og:locale\" content=\"de_DE\" \/>\n<meta property=\"og:type\" content=\"article\" \/>\n<meta property=\"og:title\" content=\"Bei Kontoer\u00f6ffnung verf\u00fchrt von Marc Weiherhof\" \/>\n<meta property=\"og:description\" content=\"Bei Kontoer\u00f6ffnung verf\u00fchrt Gay Romance &nbsp; &#8222;Diese Kurzgeschichte ist ein kleiner Snack f\u00fcr zwischendurch, der nicht den Anspruch erhebt tiefgr\u00fcndiger Natur zu sein, sondern schlicht und einfach unterhalten will.&#8220; ma.te. \u00a0 E-Book\u00a0kostenlos laden: Inhaltsangabe \u201aBei Kontoer\u00f6ffnung verf\u00fchrt\u2018 erz\u00e4hlt das erotische Zusammentreffen von Jim Decker (Bankberater) und Sasha Friedrich (Neukunde). Ein ... Jetzt weiterlesen\" \/>\n<meta property=\"og:url\" content=\"https:\/\/www.marc-weiherhof.ch\/blog\/bei-kontoeroeffnung-verfuehrt\/\" \/>\n<meta property=\"og:site_name\" content=\"Marc Weiherhof Autor\" \/>\n<meta property=\"article:publisher\" content=\"http:\/\/www.facebook.com\/marc.weiherhof\" \/>\n<meta property=\"article:modified_time\" content=\"2017-04-23T20:31:40+00:00\" \/>\n<meta property=\"og:image\" content=\"https:\/\/www.marc-weiherhof.ch\/blog\/wp-content\/uploads\/Bei-Kontoer\u00f6ffnung-verf\u00fchrt-Teil-1-cover.jpg\" \/>\n\t<meta property=\"og:image:width\" content=\"1748\" \/>\n\t<meta property=\"og:image:height\" content=\"2480\" \/>\n\t<meta property=\"og:image:type\" content=\"image\/jpeg\" \/>\n<meta name=\"twitter:label1\" content=\"Gesch\u00e4tzte Lesezeit\" \/>\n\t<meta name=\"twitter:data1\" content=\"7\u00a0Minuten\" \/>\n<script type=\"application\/ld+json\" class=\"yoast-schema-graph\">{\"@context\":\"https:\\\/\\\/schema.org\",\"@graph\":[{\"@type\":\"WebPage\",\"@id\":\"https:\\\/\\\/www.marc-weiherhof.ch\\\/blog\\\/bei-kontoeroeffnung-verfuehrt\\\/\",\"url\":\"https:\\\/\\\/www.marc-weiherhof.ch\\\/blog\\\/bei-kontoeroeffnung-verfuehrt\\\/\",\"name\":\"Bei Kontoer\u00f6ffnung verf\u00fchrt von Marc Weiherhof\",\"isPartOf\":{\"@id\":\"https:\\\/\\\/www.marc-weiherhof.ch\\\/blog\\\/#website\"},\"primaryImageOfPage\":{\"@id\":\"https:\\\/\\\/www.marc-weiherhof.ch\\\/blog\\\/bei-kontoeroeffnung-verfuehrt\\\/#primaryimage\"},\"image\":{\"@id\":\"https:\\\/\\\/www.marc-weiherhof.ch\\\/blog\\\/bei-kontoeroeffnung-verfuehrt\\\/#primaryimage\"},\"thumbnailUrl\":\"https:\\\/\\\/www.marc-weiherhof.ch\\\/blog\\\/wp-content\\\/uploads\\\/Amazon-Logo-2.png\",\"datePublished\":\"2016-05-29T11:31:46+00:00\",\"dateModified\":\"2017-04-23T20:31:40+00:00\",\"breadcrumb\":{\"@id\":\"https:\\\/\\\/www.marc-weiherhof.ch\\\/blog\\\/bei-kontoeroeffnung-verfuehrt\\\/#breadcrumb\"},\"inLanguage\":\"de\",\"potentialAction\":[{\"@type\":\"ReadAction\",\"target\":[\"https:\\\/\\\/www.marc-weiherhof.ch\\\/blog\\\/bei-kontoeroeffnung-verfuehrt\\\/\"]}]},{\"@type\":\"ImageObject\",\"inLanguage\":\"de\",\"@id\":\"https:\\\/\\\/www.marc-weiherhof.ch\\\/blog\\\/bei-kontoeroeffnung-verfuehrt\\\/#primaryimage\",\"url\":\"https:\\\/\\\/www.marc-weiherhof.ch\\\/blog\\\/wp-content\\\/uploads\\\/Amazon-Logo-2.png\",\"contentUrl\":\"https:\\\/\\\/www.marc-weiherhof.ch\\\/blog\\\/wp-content\\\/uploads\\\/Amazon-Logo-2.png\",\"width\":209,\"height\":100},{\"@type\":\"BreadcrumbList\",\"@id\":\"https:\\\/\\\/www.marc-weiherhof.ch\\\/blog\\\/bei-kontoeroeffnung-verfuehrt\\\/#breadcrumb\",\"itemListElement\":[{\"@type\":\"ListItem\",\"position\":1,\"name\":\"Marc Weiherhofs Blog\",\"item\":\"https:\\\/\\\/www.marc-weiherhof.ch\\\/blog\\\/\"},{\"@type\":\"ListItem\",\"position\":2,\"name\":\"Bei Kontoer\u00f6ffnung verf\u00fchrt\"}]},{\"@type\":\"WebSite\",\"@id\":\"https:\\\/\\\/www.marc-weiherhof.ch\\\/blog\\\/#website\",\"url\":\"https:\\\/\\\/www.marc-weiherhof.ch\\\/blog\\\/\",\"name\":\"Marc Weiherhof MM Romance Autor\",\"description\":\"Homo-Romane, schwule Literatur, queer, schwul, Autor, Gay-Genre, Marc Weiherhof, Homo-B\u00fccher, Gay Romance, Autor, MM Romance\",\"publisher\":{\"@id\":\"https:\\\/\\\/www.marc-weiherhof.ch\\\/blog\\\/#organization\"},\"potentialAction\":[{\"@type\":\"SearchAction\",\"target\":{\"@type\":\"EntryPoint\",\"urlTemplate\":\"https:\\\/\\\/www.marc-weiherhof.ch\\\/blog\\\/?s={search_term_string}\"},\"query-input\":{\"@type\":\"PropertyValueSpecification\",\"valueRequired\":true,\"valueName\":\"search_term_string\"}}],\"inLanguage\":\"de\"},{\"@type\":\"Organization\",\"@id\":\"https:\\\/\\\/www.marc-weiherhof.ch\\\/blog\\\/#organization\",\"name\":\"Marc Weiherhof\",\"url\":\"https:\\\/\\\/www.marc-weiherhof.ch\\\/blog\\\/\",\"logo\":{\"@type\":\"ImageObject\",\"inLanguage\":\"de\",\"@id\":\"https:\\\/\\\/www.marc-weiherhof.ch\\\/blog\\\/#\\\/schema\\\/logo\\\/image\\\/\",\"url\":\"https:\\\/\\\/www.marc-weiherhof.ch\\\/blog\\\/wp-content\\\/uploads\\\/MW-Logo-unten.svg\",\"contentUrl\":\"https:\\\/\\\/www.marc-weiherhof.ch\\\/blog\\\/wp-content\\\/uploads\\\/MW-Logo-unten.svg\",\"width\":1,\"height\":1,\"caption\":\"Marc Weiherhof\"},\"image\":{\"@id\":\"https:\\\/\\\/www.marc-weiherhof.ch\\\/blog\\\/#\\\/schema\\\/logo\\\/image\\\/\"},\"sameAs\":[\"http:\\\/\\\/www.facebook.com\\\/marc.weiherhof\",\"https:\\\/\\\/www.instagram.com\\\/marcweiherhofautor\\\/\"]}]}<\/script>\n<!-- \/ Yoast SEO plugin. -->","yoast_head_json":{"title":"Bei Kontoer\u00f6ffnung verf\u00fchrt von Marc Weiherhof","robots":{"index":"index","follow":"follow","max-snippet":"max-snippet:-1","max-image-preview":"max-image-preview:large","max-video-preview":"max-video-preview:-1"},"canonical":"https:\/\/www.marc-weiherhof.ch\/blog\/bei-kontoeroeffnung-verfuehrt\/","og_locale":"de_DE","og_type":"article","og_title":"Bei Kontoer\u00f6ffnung verf\u00fchrt von Marc Weiherhof","og_description":"Bei Kontoer\u00f6ffnung verf\u00fchrt Gay Romance &nbsp; &#8222;Diese Kurzgeschichte ist ein kleiner Snack f\u00fcr zwischendurch, der nicht den Anspruch erhebt tiefgr\u00fcndiger Natur zu sein, sondern schlicht und einfach unterhalten will.&#8220; ma.te. \u00a0 E-Book\u00a0kostenlos laden: Inhaltsangabe \u201aBei Kontoer\u00f6ffnung verf\u00fchrt\u2018 erz\u00e4hlt das erotische Zusammentreffen von Jim Decker (Bankberater) und Sasha Friedrich (Neukunde). Ein ... Jetzt weiterlesen","og_url":"https:\/\/www.marc-weiherhof.ch\/blog\/bei-kontoeroeffnung-verfuehrt\/","og_site_name":"Marc Weiherhof Autor","article_publisher":"http:\/\/www.facebook.com\/marc.weiherhof","article_modified_time":"2017-04-23T20:31:40+00:00","og_image":[{"width":1748,"height":2480,"url":"https:\/\/www.marc-weiherhof.ch\/blog\/wp-content\/uploads\/Bei-Kontoer\u00f6ffnung-verf\u00fchrt-Teil-1-cover.jpg","type":"image\/jpeg"}],"twitter_misc":{"Gesch\u00e4tzte Lesezeit":"7\u00a0Minuten"},"schema":{"@context":"https:\/\/schema.org","@graph":[{"@type":"WebPage","@id":"https:\/\/www.marc-weiherhof.ch\/blog\/bei-kontoeroeffnung-verfuehrt\/","url":"https:\/\/www.marc-weiherhof.ch\/blog\/bei-kontoeroeffnung-verfuehrt\/","name":"Bei Kontoer\u00f6ffnung verf\u00fchrt von Marc Weiherhof","isPartOf":{"@id":"https:\/\/www.marc-weiherhof.ch\/blog\/#website"},"primaryImageOfPage":{"@id":"https:\/\/www.marc-weiherhof.ch\/blog\/bei-kontoeroeffnung-verfuehrt\/#primaryimage"},"image":{"@id":"https:\/\/www.marc-weiherhof.ch\/blog\/bei-kontoeroeffnung-verfuehrt\/#primaryimage"},"thumbnailUrl":"https:\/\/www.marc-weiherhof.ch\/blog\/wp-content\/uploads\/Amazon-Logo-2.png","datePublished":"2016-05-29T11:31:46+00:00","dateModified":"2017-04-23T20:31:40+00:00","breadcrumb":{"@id":"https:\/\/www.marc-weiherhof.ch\/blog\/bei-kontoeroeffnung-verfuehrt\/#breadcrumb"},"inLanguage":"de","potentialAction":[{"@type":"ReadAction","target":["https:\/\/www.marc-weiherhof.ch\/blog\/bei-kontoeroeffnung-verfuehrt\/"]}]},{"@type":"ImageObject","inLanguage":"de","@id":"https:\/\/www.marc-weiherhof.ch\/blog\/bei-kontoeroeffnung-verfuehrt\/#primaryimage","url":"https:\/\/www.marc-weiherhof.ch\/blog\/wp-content\/uploads\/Amazon-Logo-2.png","contentUrl":"https:\/\/www.marc-weiherhof.ch\/blog\/wp-content\/uploads\/Amazon-Logo-2.png","width":209,"height":100},{"@type":"BreadcrumbList","@id":"https:\/\/www.marc-weiherhof.ch\/blog\/bei-kontoeroeffnung-verfuehrt\/#breadcrumb","itemListElement":[{"@type":"ListItem","position":1,"name":"Marc Weiherhofs Blog","item":"https:\/\/www.marc-weiherhof.ch\/blog\/"},{"@type":"ListItem","position":2,"name":"Bei Kontoer\u00f6ffnung verf\u00fchrt"}]},{"@type":"WebSite","@id":"https:\/\/www.marc-weiherhof.ch\/blog\/#website","url":"https:\/\/www.marc-weiherhof.ch\/blog\/","name":"Marc Weiherhof MM Romance Autor","description":"Homo-Romane, schwule Literatur, queer, schwul, Autor, Gay-Genre, Marc Weiherhof, Homo-B\u00fccher, Gay Romance, Autor, MM Romance","publisher":{"@id":"https:\/\/www.marc-weiherhof.ch\/blog\/#organization"},"potentialAction":[{"@type":"SearchAction","target":{"@type":"EntryPoint","urlTemplate":"https:\/\/www.marc-weiherhof.ch\/blog\/?s={search_term_string}"},"query-input":{"@type":"PropertyValueSpecification","valueRequired":true,"valueName":"search_term_string"}}],"inLanguage":"de"},{"@type":"Organization","@id":"https:\/\/www.marc-weiherhof.ch\/blog\/#organization","name":"Marc Weiherhof","url":"https:\/\/www.marc-weiherhof.ch\/blog\/","logo":{"@type":"ImageObject","inLanguage":"de","@id":"https:\/\/www.marc-weiherhof.ch\/blog\/#\/schema\/logo\/image\/","url":"https:\/\/www.marc-weiherhof.ch\/blog\/wp-content\/uploads\/MW-Logo-unten.svg","contentUrl":"https:\/\/www.marc-weiherhof.ch\/blog\/wp-content\/uploads\/MW-Logo-unten.svg","width":1,"height":1,"caption":"Marc Weiherhof"},"image":{"@id":"https:\/\/www.marc-weiherhof.ch\/blog\/#\/schema\/logo\/image\/"},"sameAs":["http:\/\/www.facebook.com\/marc.weiherhof","https:\/\/www.instagram.com\/marcweiherhofautor\/"]}]}},"_links":{"self":[{"href":"https:\/\/www.marc-weiherhof.ch\/blog\/wp-json\/wp\/v2\/pages\/4116","targetHints":{"allow":["GET"]}}],"collection":[{"href":"https:\/\/www.marc-weiherhof.ch\/blog\/wp-json\/wp\/v2\/pages"}],"about":[{"href":"https:\/\/www.marc-weiherhof.ch\/blog\/wp-json\/wp\/v2\/types\/page"}],"author":[{"embeddable":true,"href":"https:\/\/www.marc-weiherhof.ch\/blog\/wp-json\/wp\/v2\/users\/3"}],"replies":[{"embeddable":true,"href":"https:\/\/www.marc-weiherhof.ch\/blog\/wp-json\/wp\/v2\/comments?post=4116"}],"version-history":[{"count":0,"href":"https:\/\/www.marc-weiherhof.ch\/blog\/wp-json\/wp\/v2\/pages\/4116\/revisions"}],"wp:attachment":[{"href":"https:\/\/www.marc-weiherhof.ch\/blog\/wp-json\/wp\/v2\/media?parent=4116"}],"curies":[{"name":"wp","href":"https:\/\/api.w.org\/{rel}","templated":true}]}}