{"id":8037,"date":"2026-02-08T21:47:50","date_gmt":"2026-02-08T20:47:50","guid":{"rendered":"https:\/\/www.marc-weiherhof.ch\/blog\/?page_id=8037"},"modified":"2026-02-13T20:46:17","modified_gmt":"2026-02-13T19:46:17","slug":"ich-glaube-ich-habe-eine-raupe-gegessen","status":"publish","type":"page","link":"https:\/\/www.marc-weiherhof.ch\/blog\/ich-glaube-ich-habe-eine-raupe-gegessen\/","title":{"rendered":"Ich glaube, ich habe eine Raupe gegessen"},"content":{"rendered":"<div class=\"gb-container gb-container-63b7df8c\">\n<div class=\"gb-container gb-container-b3874e46\">\n<div class=\"gb-grid-wrapper gb-grid-wrapper-b3df5e35\">\n<div class=\"gb-grid-column gb-grid-column-18220b81\"><div class=\"gb-container gb-container-18220b81\">\n\n<figure class=\"wp-block-image size-large\"><img loading=\"lazy\" decoding=\"async\" width=\"1024\" height=\"575\" src=\"https:\/\/www.marc-weiherhof.ch\/blog\/wp-content\/uploads\/ich-glaube-ich-habe-eine-raupe-gegessen-gay-romance-marc-weiherhof-1024x575.webp\" alt=\"Gay Romance Buchcover: Ich glaube, ich habe eine Raupe gegessen. Schwule Liebesgeschichte in Namibia.\" class=\"wp-image-8146\" srcset=\"https:\/\/www.marc-weiherhof.ch\/blog\/wp-content\/uploads\/ich-glaube-ich-habe-eine-raupe-gegessen-gay-romance-marc-weiherhof-1024x575.webp 1024w, https:\/\/www.marc-weiherhof.ch\/blog\/wp-content\/uploads\/ich-glaube-ich-habe-eine-raupe-gegessen-gay-romance-marc-weiherhof-100x56.webp 100w, https:\/\/www.marc-weiherhof.ch\/blog\/wp-content\/uploads\/ich-glaube-ich-habe-eine-raupe-gegessen-gay-romance-marc-weiherhof-300x169.webp 300w, https:\/\/www.marc-weiherhof.ch\/blog\/wp-content\/uploads\/ich-glaube-ich-habe-eine-raupe-gegessen-gay-romance-marc-weiherhof-768x432.webp 768w, https:\/\/www.marc-weiherhof.ch\/blog\/wp-content\/uploads\/ich-glaube-ich-habe-eine-raupe-gegessen-gay-romance-marc-weiherhof.webp 1073w\" sizes=\"auto, (max-width: 1024px) 100vw, 1024px\" \/><\/figure>\n\n<\/div><\/div>\n\n<div class=\"gb-grid-column gb-grid-column-780ed20d\"><div class=\"gb-container gb-container-780ed20d\">\n\n<h1 class=\"wp-block-heading has-text-color has-link-color wp-elements-683d0dc35ecde7d68057c2b3d9e7f8df\" style=\"color:#146771\">Ich glaube, ich habe eine Raupe gegessen<\/h1>\n\n\n\n<h2 class=\"wp-block-heading has-text-color has-link-color wp-elements-552ca4aab6d37cff3e1f255c476e5ed9\" style=\"color:#146771\">Humorvolle MM Romance zwischen Fernweh, Chaos und Herzklopfen<\/h2>\n\n\n\n<p>Eine humorvolle Gay Romance \u00fcber kulturelle Unterschiede, unerwartete N\u00e4he und das Gef\u00fchl, genau am falschen Ort pl\u00f6tzlich richtig zu sein.<\/p>\n\n\n\n<a class=\"gb-button gb-button-f4a1f8bd gb-button-text\" href=\"https:\/\/amzn.to\/3ZARoUY\">Jetzt bei Amazon lesen<\/a>\n\n<\/div><\/div>\n<\/div>\n<\/div>\n<\/div>\n\n<div class=\"gb-container gb-container-e658bb92\">\n<div class=\"gb-container gb-container-3d39361a\">\n\n<h2 class=\"wp-block-heading\">Erh\u00e4ltlich bei diesen Buchhandlungen<\/h2>\n\n\n\n<p>Du kannst <em>Ich glaube, ich habe eine Raupe gegessen<\/em> als E Book bei folgenden und vielen weiteren Buchhandlungen kaufen. \u00dcberall, wo du deine Lieblingsb\u00fccher entdeckst.<\/p>\n\n<\/div>\n\n<div class=\"gb-container gb-container-ab17126a\">\n<div class=\"gb-grid-wrapper gb-grid-wrapper-1732ecab\">\n<div class=\"gb-grid-column gb-grid-column-61b63848\"><div class=\"gb-container gb-container-61b63848\"><div class=\"gb-inside-container\">\n<div class=\"wp-block-image\">\n<figure class=\"aligncenter size-full\"><a href=\"https:\/\/amzn.to\/3ZARoUY\"><img loading=\"lazy\" decoding=\"async\" width=\"250\" height=\"250\" src=\"https:\/\/www.marc-weiherhof.ch\/blog\/wp-content\/uploads\/amazon-logo.png\" alt=\"\" class=\"wp-image-7262\" srcset=\"https:\/\/www.marc-weiherhof.ch\/blog\/wp-content\/uploads\/amazon-logo.png 250w, https:\/\/www.marc-weiherhof.ch\/blog\/wp-content\/uploads\/amazon-logo-100x100.png 100w, https:\/\/www.marc-weiherhof.ch\/blog\/wp-content\/uploads\/amazon-logo-150x150.png 150w, https:\/\/www.marc-weiherhof.ch\/blog\/wp-content\/uploads\/amazon-logo-120x120.png 120w\" sizes=\"auto, (max-width: 250px) 100vw, 250px\" \/><\/a><\/figure>\n<\/div>\n<\/div><\/div><\/div>\n\n<div class=\"gb-grid-column gb-grid-column-67049665\"><div class=\"gb-container gb-container-67049665\"><div class=\"gb-inside-container\">\n<div class=\"wp-block-image\">\n<figure class=\"aligncenter size-full\"><a href=\"https:\/\/www.thalia.de\/shop\/home\/artikeldetails\/A1077677940\"><img loading=\"lazy\" decoding=\"async\" width=\"250\" height=\"250\" src=\"https:\/\/www.marc-weiherhof.ch\/blog\/wp-content\/uploads\/thalia.de_.png\" alt=\"\" class=\"wp-image-7422\" srcset=\"https:\/\/www.marc-weiherhof.ch\/blog\/wp-content\/uploads\/thalia.de_.png 250w, https:\/\/www.marc-weiherhof.ch\/blog\/wp-content\/uploads\/thalia.de_-100x100.png 100w, https:\/\/www.marc-weiherhof.ch\/blog\/wp-content\/uploads\/thalia.de_-150x150.png 150w, https:\/\/www.marc-weiherhof.ch\/blog\/wp-content\/uploads\/thalia.de_-120x120.png 120w\" sizes=\"auto, (max-width: 250px) 100vw, 250px\" \/><\/a><\/figure>\n<\/div>\n<\/div><\/div><\/div>\n\n<div class=\"gb-grid-column gb-grid-column-09cdc50d\"><div class=\"gb-container gb-container-09cdc50d\"><div class=\"gb-inside-container\">\n<div class=\"wp-block-image\">\n<figure class=\"aligncenter size-full\"><a href=\"https:\/\/www.thalia.at\/shop\/home\/artikeldetails\/A1077677940\"><img loading=\"lazy\" decoding=\"async\" width=\"250\" height=\"250\" src=\"https:\/\/www.marc-weiherhof.ch\/blog\/wp-content\/uploads\/Thalia.at_.png\" alt=\"\" class=\"wp-image-7424\" srcset=\"https:\/\/www.marc-weiherhof.ch\/blog\/wp-content\/uploads\/Thalia.at_.png 250w, https:\/\/www.marc-weiherhof.ch\/blog\/wp-content\/uploads\/Thalia.at_-100x100.png 100w, https:\/\/www.marc-weiherhof.ch\/blog\/wp-content\/uploads\/Thalia.at_-150x150.png 150w, https:\/\/www.marc-weiherhof.ch\/blog\/wp-content\/uploads\/Thalia.at_-120x120.png 120w\" sizes=\"auto, (max-width: 250px) 100vw, 250px\" \/><\/a><\/figure>\n<\/div>\n<\/div><\/div><\/div>\n\n<div class=\"gb-grid-column gb-grid-column-422b2834\"><div class=\"gb-container gb-container-422b2834\"><div class=\"gb-inside-container\">\n<div class=\"wp-block-image\">\n<figure class=\"aligncenter size-full\"><a href=\"https:\/\/www.orellfuessli.ch\/shop\/home\/artikeldetails\/A1077677940\"><img loading=\"lazy\" decoding=\"async\" width=\"250\" height=\"250\" src=\"https:\/\/www.marc-weiherhof.ch\/blog\/wp-content\/uploads\/orell-logo.png\" alt=\"\" class=\"wp-image-7266\" style=\"object-fit:cover\" srcset=\"https:\/\/www.marc-weiherhof.ch\/blog\/wp-content\/uploads\/orell-logo.png 250w, https:\/\/www.marc-weiherhof.ch\/blog\/wp-content\/uploads\/orell-logo-100x100.png 100w, https:\/\/www.marc-weiherhof.ch\/blog\/wp-content\/uploads\/orell-logo-150x150.png 150w, https:\/\/www.marc-weiherhof.ch\/blog\/wp-content\/uploads\/orell-logo-120x120.png 120w\" sizes=\"auto, (max-width: 250px) 100vw, 250px\" \/><\/a><\/figure>\n<\/div>\n<\/div><\/div><\/div>\n<\/div>\n<\/div>\n<\/div>\n\n<div class=\"gb-container gb-container-585978b0\">\n<div class=\"gb-container gb-container-224d69cf\">\n\n<h2 class=\"wp-block-heading\">Worum geht es in dieser Gay Romance?<\/h2>\n\n\n\n<p>Leon reist f\u00fcr einen Sommerjob nach Namibia und rechnet mit Hitze, Arbeit und ein wenig Abenteuer. Nicht jedoch mit frittierten Raupen, geplatzten Reifen und einer beeindruckenden Serie pers\u00f6nlicher Fettn\u00e4pfchen. Schon nach kurzer Zeit merkt er, dass hier nichts nach Plan l\u00e4uft.<\/p>\n\n\n\n<p>Mitten in diesem Chaos begegnet er Tayo. Selbstbewusst, direkt und mit einer Pr\u00e4senz, die Leon schneller aus dem Gleichgewicht bringt als jede ungeplante Safari. Was als kulturelles Missverst\u00e4ndnis beginnt, entwickelt sich langsam zu N\u00e4he. Zu etwas, das sich nicht planen l\u00e4sst und sich jeder Kontrolle entzieht.<\/p>\n\n\n\n<p>Zwischen staubigen Wegen, wilden Tieren und sehr menschlichen Gef\u00fchlen ger\u00e4t Leons bisheriges Weltbild ins Wanken. Und er muss sich fragen, ob man manchmal genau dort ankommen muss, wo man sich am wenigsten auskennt, um sich selbst neu zu begegnen.<\/p>\n\n<\/div>\n<\/div>\n\n<div class=\"gb-container gb-container-a060e396\">\n<div class=\"gb-container gb-container-7d3376db\">\n\n<h2 class=\"wp-block-heading\">F\u00fcr wen ist <em>Ich glaube, ich habe eine Raupe gegessen<\/em> geeignet?<\/h2>\n\n\n\n<ul class=\"wp-block-list\">\n<li>Leserinnen und Leser von Gay Romance und MM Romance<\/li>\n\n\n\n<li>Fans von humorvollen Liebesgeschichten mit Fernweh<\/li>\n\n\n\n<li>Menschen, die kulturelle Unterschiede und Reisen lieben<\/li>\n\n\n\n<li>Leserinnen und Leser, die Romantik mit Chaos und Herz m\u00f6gen<\/li>\n\n\n\n<li>Alle, die queere Romance mit exotischem Setting und W\u00e4rme suchen<\/li>\n<\/ul>\n\n<\/div>\n<\/div>\n\n<div class=\"gb-container gb-container-94e9d46c\">\n<div class=\"gb-container gb-container-69eda6fb\">\n\n<blockquote class=\"wp-block-quote is-layout-flow wp-block-quote-is-layout-flow\">\n<p class=\"has-text-align-center\"><strong><em><strong>\u00ab<\/strong><\/em>Mir ist noch ganz warm ums Herz. Mit viel Humor hat Marc Weiherhof mich nach Namibia entf\u00fchrt und mir das Land und seine Sehensw\u00fcrdigkeiten, aber auch ein paar seiner Probleme n\u00e4her gebracht.<em><strong>\u00bb<\/strong><\/em><\/strong><\/p>\n\n\n\n<p class=\"has-text-align-center\">Amazon-Rezension von Kindle-Kunde<\/p>\n<\/blockquote>\n\n<\/div>\n<\/div>\n\n<div class=\"gb-container gb-container-97a03888\">\n\n<h2 class=\"wp-block-heading\">Genres und Tropes<\/h2>\n\n\n\n<ul class=\"wp-block-list\">\n<li><a href=\"https:\/\/www.marc-weiherhof.ch\/blog\/was-ist-gay-romance\/\" type=\"post\" id=\"8074\">Gay Romance<\/a><\/li>\n\n\n\n<li>MM Romance<\/li>\n\n\n\n<li>Humor Romance<\/li>\n\n\n\n<li>Fish out of Water<\/li>\n\n\n\n<li>Cultural Differences<\/li>\n\n\n\n<li>Exotic Setting<\/li>\n\n\n\n<li>Slow Burn<\/li>\n\n\n\n<li>Emotional Journey<\/li>\n<\/ul>\n\n<\/div>\n\n<div class=\"gb-container gb-container-5f2c76eb\">\n<div class=\"gb-container gb-container-6419cad1\">\n\n<h2 class=\"wp-block-heading\">Neugierig geworden?<\/h2>\n\n\n\n<a class=\"gb-button gb-button-a60fc07b gb-button-text\" href=\"https:\/\/amzn.to\/3ZARoUY\">Jetzt bei Amazon lesen<\/a>\n\n<\/div>\n<\/div>\n\n\n<p><\/p>\n","protected":false},"excerpt":{"rendered":"<p>Erh\u00e4ltlich bei diesen Buchhandlungen Du kannst Ich glaube, ich habe eine Raupe gegessen als E Book bei folgenden und vielen weiteren Buchhandlungen kaufen. \u00dcberall, wo du deine Lieblingsb\u00fccher entdeckst. Worum geht es in dieser Gay Romance? Leon reist f\u00fcr einen Sommerjob nach Namibia und rechnet mit Hitze, Arbeit und ein &#8230; <\/p>\n<p class=\"read-more-container\"><a title=\"Ich glaube, ich habe eine Raupe gegessen\" class=\"read-more button\" href=\"https:\/\/www.marc-weiherhof.ch\/blog\/ich-glaube-ich-habe-eine-raupe-gegessen\/#more-8037\" aria-label=\"Mehr Informationen \u00fcber Ich glaube, ich habe eine Raupe gegessen\">Jetzt weiterlesen<\/a><\/p>\n","protected":false},"author":3,"featured_media":0,"parent":0,"menu_order":0,"comment_status":"closed","ping_status":"closed","template":"","meta":{"footnotes":""},"class_list":{"0":"post-8037","1":"page","2":"type-page","3":"status-publish","5":"infinite-scroll-item"},"yoast_head":"<!-- This site is optimized with the Yoast SEO plugin v27.5 - https:\/\/yoast.com\/product\/yoast-seo-wordpress\/ -->\n<title>Ich glaube, ich habe eine Raupe gegessen<\/title>\n<meta name=\"description\" content=\"Humorvolle Gay Romance mit Fernweh und Herz. Eine MM Romance \u00fcber Liebe, kulturelle Unterschiede und ein Abenteuer im afrikanischen Busch.\" \/>\n<meta name=\"robots\" content=\"index, follow, max-snippet:-1, max-image-preview:large, max-video-preview:-1\" \/>\n<link rel=\"canonical\" href=\"https:\/\/www.marc-weiherhof.ch\/blog\/ich-glaube-ich-habe-eine-raupe-gegessen\/\" \/>\n<meta property=\"og:locale\" content=\"de_DE\" \/>\n<meta property=\"og:type\" content=\"article\" \/>\n<meta property=\"og:title\" content=\"Ich glaube, ich habe eine Raupe gegessen\" \/>\n<meta property=\"og:description\" content=\"Humorvolle Gay Romance mit Fernweh und Herz. Eine MM Romance \u00fcber Liebe, kulturelle Unterschiede und ein Abenteuer im afrikanischen Busch.\" \/>\n<meta property=\"og:url\" content=\"https:\/\/www.marc-weiherhof.ch\/blog\/ich-glaube-ich-habe-eine-raupe-gegessen\/\" \/>\n<meta property=\"og:site_name\" content=\"Marc Weiherhof Autor\" \/>\n<meta property=\"article:publisher\" content=\"http:\/\/www.facebook.com\/marc.weiherhof\" \/>\n<meta property=\"article:modified_time\" content=\"2026-02-13T19:46:17+00:00\" \/>\n<meta property=\"og:image\" content=\"https:\/\/www.marc-weiherhof.ch\/blog\/wp-content\/uploads\/WerbebildNeu.png\" \/>\n\t<meta property=\"og:image:width\" content=\"810\" \/>\n\t<meta property=\"og:image:height\" content=\"450\" \/>\n\t<meta property=\"og:image:type\" content=\"image\/png\" \/>\n<meta name=\"twitter:label1\" content=\"Gesch\u00e4tzte Lesezeit\" \/>\n\t<meta name=\"twitter:data1\" content=\"3\u00a0Minuten\" \/>\n<script type=\"application\/ld+json\" class=\"yoast-schema-graph\">{\"@context\":\"https:\\\/\\\/schema.org\",\"@graph\":[{\"@type\":\"WebPage\",\"@id\":\"https:\\\/\\\/www.marc-weiherhof.ch\\\/blog\\\/ich-glaube-ich-habe-eine-raupe-gegessen\\\/\",\"url\":\"https:\\\/\\\/www.marc-weiherhof.ch\\\/blog\\\/ich-glaube-ich-habe-eine-raupe-gegessen\\\/\",\"name\":\"Ich glaube, ich habe eine Raupe gegessen\",\"isPartOf\":{\"@id\":\"https:\\\/\\\/www.marc-weiherhof.ch\\\/blog\\\/#website\"},\"primaryImageOfPage\":{\"@id\":\"https:\\\/\\\/www.marc-weiherhof.ch\\\/blog\\\/ich-glaube-ich-habe-eine-raupe-gegessen\\\/#primaryimage\"},\"image\":{\"@id\":\"https:\\\/\\\/www.marc-weiherhof.ch\\\/blog\\\/ich-glaube-ich-habe-eine-raupe-gegessen\\\/#primaryimage\"},\"thumbnailUrl\":\"https:\\\/\\\/www.marc-weiherhof.ch\\\/blog\\\/wp-content\\\/uploads\\\/ich-glaube-ich-habe-eine-raupe-gegessen-gay-romance-marc-weiherhof-1024x575.webp\",\"datePublished\":\"2026-02-08T20:47:50+00:00\",\"dateModified\":\"2026-02-13T19:46:17+00:00\",\"description\":\"Humorvolle Gay Romance mit Fernweh und Herz. Eine MM Romance \u00fcber Liebe, kulturelle Unterschiede und ein Abenteuer im afrikanischen Busch.\",\"breadcrumb\":{\"@id\":\"https:\\\/\\\/www.marc-weiherhof.ch\\\/blog\\\/ich-glaube-ich-habe-eine-raupe-gegessen\\\/#breadcrumb\"},\"inLanguage\":\"de\",\"potentialAction\":[{\"@type\":\"ReadAction\",\"target\":[\"https:\\\/\\\/www.marc-weiherhof.ch\\\/blog\\\/ich-glaube-ich-habe-eine-raupe-gegessen\\\/\"]}]},{\"@type\":\"ImageObject\",\"inLanguage\":\"de\",\"@id\":\"https:\\\/\\\/www.marc-weiherhof.ch\\\/blog\\\/ich-glaube-ich-habe-eine-raupe-gegessen\\\/#primaryimage\",\"url\":\"https:\\\/\\\/www.marc-weiherhof.ch\\\/blog\\\/wp-content\\\/uploads\\\/ich-glaube-ich-habe-eine-raupe-gegessen-gay-romance-marc-weiherhof.webp\",\"contentUrl\":\"https:\\\/\\\/www.marc-weiherhof.ch\\\/blog\\\/wp-content\\\/uploads\\\/ich-glaube-ich-habe-eine-raupe-gegessen-gay-romance-marc-weiherhof.webp\",\"width\":1073,\"height\":603},{\"@type\":\"BreadcrumbList\",\"@id\":\"https:\\\/\\\/www.marc-weiherhof.ch\\\/blog\\\/ich-glaube-ich-habe-eine-raupe-gegessen\\\/#breadcrumb\",\"itemListElement\":[{\"@type\":\"ListItem\",\"position\":1,\"name\":\"Marc Weiherhofs Blog\",\"item\":\"https:\\\/\\\/www.marc-weiherhof.ch\\\/blog\\\/\"},{\"@type\":\"ListItem\",\"position\":2,\"name\":\"Ich glaube, ich habe eine Raupe gegessen\"}]},{\"@type\":\"WebSite\",\"@id\":\"https:\\\/\\\/www.marc-weiherhof.ch\\\/blog\\\/#website\",\"url\":\"https:\\\/\\\/www.marc-weiherhof.ch\\\/blog\\\/\",\"name\":\"Marc Weiherhof MM Romance Autor\",\"description\":\"Homo-Romane, schwule Literatur, queer, schwul, Autor, Gay-Genre, Marc Weiherhof, Homo-B\u00fccher, Gay Romance, Autor, MM Romance\",\"publisher\":{\"@id\":\"https:\\\/\\\/www.marc-weiherhof.ch\\\/blog\\\/#organization\"},\"potentialAction\":[{\"@type\":\"SearchAction\",\"target\":{\"@type\":\"EntryPoint\",\"urlTemplate\":\"https:\\\/\\\/www.marc-weiherhof.ch\\\/blog\\\/?s={search_term_string}\"},\"query-input\":{\"@type\":\"PropertyValueSpecification\",\"valueRequired\":true,\"valueName\":\"search_term_string\"}}],\"inLanguage\":\"de\"},{\"@type\":\"Organization\",\"@id\":\"https:\\\/\\\/www.marc-weiherhof.ch\\\/blog\\\/#organization\",\"name\":\"Marc Weiherhof\",\"url\":\"https:\\\/\\\/www.marc-weiherhof.ch\\\/blog\\\/\",\"logo\":{\"@type\":\"ImageObject\",\"inLanguage\":\"de\",\"@id\":\"https:\\\/\\\/www.marc-weiherhof.ch\\\/blog\\\/#\\\/schema\\\/logo\\\/image\\\/\",\"url\":\"https:\\\/\\\/www.marc-weiherhof.ch\\\/blog\\\/wp-content\\\/uploads\\\/MW-Logo-unten.svg\",\"contentUrl\":\"https:\\\/\\\/www.marc-weiherhof.ch\\\/blog\\\/wp-content\\\/uploads\\\/MW-Logo-unten.svg\",\"width\":1,\"height\":1,\"caption\":\"Marc Weiherhof\"},\"image\":{\"@id\":\"https:\\\/\\\/www.marc-weiherhof.ch\\\/blog\\\/#\\\/schema\\\/logo\\\/image\\\/\"},\"sameAs\":[\"http:\\\/\\\/www.facebook.com\\\/marc.weiherhof\",\"https:\\\/\\\/www.instagram.com\\\/marcweiherhofautor\\\/\"]}]}<\/script>\n<!-- \/ Yoast SEO plugin. -->","yoast_head_json":{"title":"Ich glaube, ich habe eine Raupe gegessen","description":"Humorvolle Gay Romance mit Fernweh und Herz. Eine MM Romance \u00fcber Liebe, kulturelle Unterschiede und ein Abenteuer im afrikanischen Busch.","robots":{"index":"index","follow":"follow","max-snippet":"max-snippet:-1","max-image-preview":"max-image-preview:large","max-video-preview":"max-video-preview:-1"},"canonical":"https:\/\/www.marc-weiherhof.ch\/blog\/ich-glaube-ich-habe-eine-raupe-gegessen\/","og_locale":"de_DE","og_type":"article","og_title":"Ich glaube, ich habe eine Raupe gegessen","og_description":"Humorvolle Gay Romance mit Fernweh und Herz. Eine MM Romance \u00fcber Liebe, kulturelle Unterschiede und ein Abenteuer im afrikanischen Busch.","og_url":"https:\/\/www.marc-weiherhof.ch\/blog\/ich-glaube-ich-habe-eine-raupe-gegessen\/","og_site_name":"Marc Weiherhof Autor","article_publisher":"http:\/\/www.facebook.com\/marc.weiherhof","article_modified_time":"2026-02-13T19:46:17+00:00","og_image":[{"width":810,"height":450,"url":"https:\/\/www.marc-weiherhof.ch\/blog\/wp-content\/uploads\/WerbebildNeu.png","type":"image\/png"}],"twitter_misc":{"Gesch\u00e4tzte Lesezeit":"3\u00a0Minuten"},"schema":{"@context":"https:\/\/schema.org","@graph":[{"@type":"WebPage","@id":"https:\/\/www.marc-weiherhof.ch\/blog\/ich-glaube-ich-habe-eine-raupe-gegessen\/","url":"https:\/\/www.marc-weiherhof.ch\/blog\/ich-glaube-ich-habe-eine-raupe-gegessen\/","name":"Ich glaube, ich habe eine Raupe gegessen","isPartOf":{"@id":"https:\/\/www.marc-weiherhof.ch\/blog\/#website"},"primaryImageOfPage":{"@id":"https:\/\/www.marc-weiherhof.ch\/blog\/ich-glaube-ich-habe-eine-raupe-gegessen\/#primaryimage"},"image":{"@id":"https:\/\/www.marc-weiherhof.ch\/blog\/ich-glaube-ich-habe-eine-raupe-gegessen\/#primaryimage"},"thumbnailUrl":"https:\/\/www.marc-weiherhof.ch\/blog\/wp-content\/uploads\/ich-glaube-ich-habe-eine-raupe-gegessen-gay-romance-marc-weiherhof-1024x575.webp","datePublished":"2026-02-08T20:47:50+00:00","dateModified":"2026-02-13T19:46:17+00:00","description":"Humorvolle Gay Romance mit Fernweh und Herz. Eine MM Romance \u00fcber Liebe, kulturelle Unterschiede und ein Abenteuer im afrikanischen Busch.","breadcrumb":{"@id":"https:\/\/www.marc-weiherhof.ch\/blog\/ich-glaube-ich-habe-eine-raupe-gegessen\/#breadcrumb"},"inLanguage":"de","potentialAction":[{"@type":"ReadAction","target":["https:\/\/www.marc-weiherhof.ch\/blog\/ich-glaube-ich-habe-eine-raupe-gegessen\/"]}]},{"@type":"ImageObject","inLanguage":"de","@id":"https:\/\/www.marc-weiherhof.ch\/blog\/ich-glaube-ich-habe-eine-raupe-gegessen\/#primaryimage","url":"https:\/\/www.marc-weiherhof.ch\/blog\/wp-content\/uploads\/ich-glaube-ich-habe-eine-raupe-gegessen-gay-romance-marc-weiherhof.webp","contentUrl":"https:\/\/www.marc-weiherhof.ch\/blog\/wp-content\/uploads\/ich-glaube-ich-habe-eine-raupe-gegessen-gay-romance-marc-weiherhof.webp","width":1073,"height":603},{"@type":"BreadcrumbList","@id":"https:\/\/www.marc-weiherhof.ch\/blog\/ich-glaube-ich-habe-eine-raupe-gegessen\/#breadcrumb","itemListElement":[{"@type":"ListItem","position":1,"name":"Marc Weiherhofs Blog","item":"https:\/\/www.marc-weiherhof.ch\/blog\/"},{"@type":"ListItem","position":2,"name":"Ich glaube, ich habe eine Raupe gegessen"}]},{"@type":"WebSite","@id":"https:\/\/www.marc-weiherhof.ch\/blog\/#website","url":"https:\/\/www.marc-weiherhof.ch\/blog\/","name":"Marc Weiherhof MM Romance Autor","description":"Homo-Romane, schwule Literatur, queer, schwul, Autor, Gay-Genre, Marc Weiherhof, Homo-B\u00fccher, Gay Romance, Autor, MM Romance","publisher":{"@id":"https:\/\/www.marc-weiherhof.ch\/blog\/#organization"},"potentialAction":[{"@type":"SearchAction","target":{"@type":"EntryPoint","urlTemplate":"https:\/\/www.marc-weiherhof.ch\/blog\/?s={search_term_string}"},"query-input":{"@type":"PropertyValueSpecification","valueRequired":true,"valueName":"search_term_string"}}],"inLanguage":"de"},{"@type":"Organization","@id":"https:\/\/www.marc-weiherhof.ch\/blog\/#organization","name":"Marc Weiherhof","url":"https:\/\/www.marc-weiherhof.ch\/blog\/","logo":{"@type":"ImageObject","inLanguage":"de","@id":"https:\/\/www.marc-weiherhof.ch\/blog\/#\/schema\/logo\/image\/","url":"https:\/\/www.marc-weiherhof.ch\/blog\/wp-content\/uploads\/MW-Logo-unten.svg","contentUrl":"https:\/\/www.marc-weiherhof.ch\/blog\/wp-content\/uploads\/MW-Logo-unten.svg","width":1,"height":1,"caption":"Marc Weiherhof"},"image":{"@id":"https:\/\/www.marc-weiherhof.ch\/blog\/#\/schema\/logo\/image\/"},"sameAs":["http:\/\/www.facebook.com\/marc.weiherhof","https:\/\/www.instagram.com\/marcweiherhofautor\/"]}]}},"_links":{"self":[{"href":"https:\/\/www.marc-weiherhof.ch\/blog\/wp-json\/wp\/v2\/pages\/8037","targetHints":{"allow":["GET"]}}],"collection":[{"href":"https:\/\/www.marc-weiherhof.ch\/blog\/wp-json\/wp\/v2\/pages"}],"about":[{"href":"https:\/\/www.marc-weiherhof.ch\/blog\/wp-json\/wp\/v2\/types\/page"}],"author":[{"embeddable":true,"href":"https:\/\/www.marc-weiherhof.ch\/blog\/wp-json\/wp\/v2\/users\/3"}],"replies":[{"embeddable":true,"href":"https:\/\/www.marc-weiherhof.ch\/blog\/wp-json\/wp\/v2\/comments?post=8037"}],"version-history":[{"count":0,"href":"https:\/\/www.marc-weiherhof.ch\/blog\/wp-json\/wp\/v2\/pages\/8037\/revisions"}],"wp:attachment":[{"href":"https:\/\/www.marc-weiherhof.ch\/blog\/wp-json\/wp\/v2\/media?parent=8037"}],"curies":[{"name":"wp","href":"https:\/\/api.w.org\/{rel}","templated":true}]}}