{"id":8152,"date":"2026-02-08T21:59:52","date_gmt":"2026-02-08T20:59:52","guid":{"rendered":"https:\/\/www.marc-weiherhof.ch\/blog\/?page_id=8152"},"modified":"2026-03-31T16:31:41","modified_gmt":"2026-03-31T14:31:41","slug":"alles-dreht-sich-um-eier","status":"publish","type":"page","link":"https:\/\/www.marc-weiherhof.ch\/blog\/buecher\/alles-dreht-sich-um-eier\/","title":{"rendered":"Alles dreht sich um Eier"},"content":{"rendered":"<div class=\"gb-container gb-container-63b7df8c\">\n<div class=\"gb-container gb-container-b3874e46\">\n<div class=\"gb-grid-wrapper gb-grid-wrapper-b3df5e35\">\n<div class=\"gb-grid-column gb-grid-column-18220b81\"><div class=\"gb-container gb-container-18220b81\">\n\n<figure class=\"wp-block-image size-large\"><img loading=\"lazy\" decoding=\"async\" width=\"1024\" height=\"575\" src=\"https:\/\/www.marc-weiherhof.ch\/blog\/wp-content\/uploads\/alles-dreht-sich-um-eier-gay-romance-buch-marc-weiherhof-1024x575.webp\" alt=\"Gay Romance Buchcover: Alles dreht sich um Eier: Eine bodypainted schwule Liebesgeschichte.\" class=\"wp-image-8153\" srcset=\"https:\/\/www.marc-weiherhof.ch\/blog\/wp-content\/uploads\/alles-dreht-sich-um-eier-gay-romance-buch-marc-weiherhof-1024x575.webp 1024w, https:\/\/www.marc-weiherhof.ch\/blog\/wp-content\/uploads\/alles-dreht-sich-um-eier-gay-romance-buch-marc-weiherhof-100x56.webp 100w, https:\/\/www.marc-weiherhof.ch\/blog\/wp-content\/uploads\/alles-dreht-sich-um-eier-gay-romance-buch-marc-weiherhof-300x169.webp 300w, https:\/\/www.marc-weiherhof.ch\/blog\/wp-content\/uploads\/alles-dreht-sich-um-eier-gay-romance-buch-marc-weiherhof-768x432.webp 768w, https:\/\/www.marc-weiherhof.ch\/blog\/wp-content\/uploads\/alles-dreht-sich-um-eier-gay-romance-buch-marc-weiherhof.webp 1073w\" sizes=\"auto, (max-width: 1024px) 100vw, 1024px\" \/><\/figure>\n\n<\/div><\/div>\n\n<div class=\"gb-grid-column gb-grid-column-780ed20d\"><div class=\"gb-container gb-container-780ed20d\">\n\n<h1 class=\"wp-block-heading has-text-color has-link-color wp-elements-9e740615c9b6d9296cfa4847066b108b\" style=\"color:#146771\">Alles dreht sich um Eier<\/h1>\n\n\n\n<h2 class=\"wp-block-heading has-text-color has-link-color wp-elements-1c20edd681d39e53778a31572c24b20a\" style=\"color:#146771\">Humorvolle Gay Romance zwischen Farbe, K\u00f6rperkunst und Herzklopfen<\/h2>\n\n\n\n<p>Eine freche, farbenfrohe Gay Romance \u00fcber Bodypainting, Freundschaft und die Frage, was passiert, wenn man pl\u00f6tzlich mehr f\u00fchlt als geplant.<\/p>\n\n\n\n<a class=\"gb-button gb-button-f4a1f8bd gb-button-text\" href=\"https:\/\/www.amazon.de\/dp\/B07BFMJGMF\">Jetzt bei Amazon lesen<\/a>\n\n<\/div><\/div>\n<\/div>\n<\/div>\n<\/div>\n\n<div class=\"gb-container gb-container-e658bb92\">\n<div class=\"gb-container gb-container-3d39361a\">\n\n<h2 class=\"wp-block-heading\">Erh\u00e4ltlich bei diesen Buchhandlungen<\/h2>\n\n\n\n<p>Du kannst <em>Alles dreht sich um Eier<\/em> als E Book bei folgenden und vielen weiteren Buchhandlungen kaufen. \u00dcberall, wo du deine Lieblingsb\u00fccher entdeckst.<\/p>\n\n<\/div>\n\n<div class=\"gb-container gb-container-ab17126a\">\n<div class=\"gb-grid-wrapper gb-grid-wrapper-1732ecab\">\n<div class=\"gb-grid-column gb-grid-column-61b63848\"><div class=\"gb-container gb-container-61b63848\"><div class=\"gb-inside-container\">\n<div class=\"wp-block-image\">\n<figure class=\"aligncenter size-full\"><a href=\"https:\/\/www.amazon.de\/dp\/B07BFMJGMF\"><img loading=\"lazy\" decoding=\"async\" width=\"250\" height=\"250\" src=\"https:\/\/www.marc-weiherhof.ch\/blog\/wp-content\/uploads\/amazon-logo.png\" alt=\"\" class=\"wp-image-7262\" srcset=\"https:\/\/www.marc-weiherhof.ch\/blog\/wp-content\/uploads\/amazon-logo.png 250w, https:\/\/www.marc-weiherhof.ch\/blog\/wp-content\/uploads\/amazon-logo-100x100.png 100w, https:\/\/www.marc-weiherhof.ch\/blog\/wp-content\/uploads\/amazon-logo-150x150.png 150w, https:\/\/www.marc-weiherhof.ch\/blog\/wp-content\/uploads\/amazon-logo-120x120.png 120w\" sizes=\"auto, (max-width: 250px) 100vw, 250px\" \/><\/a><\/figure>\n<\/div>\n<\/div><\/div><\/div>\n\n<div class=\"gb-grid-column gb-grid-column-67049665\"><div class=\"gb-container gb-container-67049665\"><div class=\"gb-inside-container\">\n<div class=\"wp-block-image\">\n<figure class=\"aligncenter size-full\"><a href=\"https:\/\/www.thalia.de\/shop\/home\/artikeldetails\/A1078262640\"><img loading=\"lazy\" decoding=\"async\" width=\"250\" height=\"250\" src=\"https:\/\/www.marc-weiherhof.ch\/blog\/wp-content\/uploads\/thalia.de_.png\" alt=\"\" class=\"wp-image-7422\" srcset=\"https:\/\/www.marc-weiherhof.ch\/blog\/wp-content\/uploads\/thalia.de_.png 250w, https:\/\/www.marc-weiherhof.ch\/blog\/wp-content\/uploads\/thalia.de_-100x100.png 100w, https:\/\/www.marc-weiherhof.ch\/blog\/wp-content\/uploads\/thalia.de_-150x150.png 150w, https:\/\/www.marc-weiherhof.ch\/blog\/wp-content\/uploads\/thalia.de_-120x120.png 120w\" sizes=\"auto, (max-width: 250px) 100vw, 250px\" \/><\/a><\/figure>\n<\/div>\n<\/div><\/div><\/div>\n\n<div class=\"gb-grid-column gb-grid-column-09cdc50d\"><div class=\"gb-container gb-container-09cdc50d\"><div class=\"gb-inside-container\">\n<div class=\"wp-block-image\">\n<figure class=\"aligncenter size-full\"><a href=\"https:\/\/www.thalia.at\/shop\/home\/artikeldetails\/A1078262640\"><img loading=\"lazy\" decoding=\"async\" width=\"250\" height=\"250\" src=\"https:\/\/www.marc-weiherhof.ch\/blog\/wp-content\/uploads\/Thalia.at_.png\" alt=\"\" class=\"wp-image-7424\" srcset=\"https:\/\/www.marc-weiherhof.ch\/blog\/wp-content\/uploads\/Thalia.at_.png 250w, https:\/\/www.marc-weiherhof.ch\/blog\/wp-content\/uploads\/Thalia.at_-100x100.png 100w, https:\/\/www.marc-weiherhof.ch\/blog\/wp-content\/uploads\/Thalia.at_-150x150.png 150w, https:\/\/www.marc-weiherhof.ch\/blog\/wp-content\/uploads\/Thalia.at_-120x120.png 120w\" sizes=\"auto, (max-width: 250px) 100vw, 250px\" \/><\/a><\/figure>\n<\/div>\n<\/div><\/div><\/div>\n\n<div class=\"gb-grid-column gb-grid-column-422b2834\"><div class=\"gb-container gb-container-422b2834\"><div class=\"gb-inside-container\">\n<div class=\"wp-block-image\">\n<figure class=\"aligncenter size-full\"><a href=\"https:\/\/www.orellfuessli.ch\/shop\/home\/artikeldetails\/A1078262640\"><img loading=\"lazy\" decoding=\"async\" width=\"250\" height=\"250\" src=\"https:\/\/www.marc-weiherhof.ch\/blog\/wp-content\/uploads\/orell-logo.png\" alt=\"\" class=\"wp-image-7266\" style=\"object-fit:cover\" srcset=\"https:\/\/www.marc-weiherhof.ch\/blog\/wp-content\/uploads\/orell-logo.png 250w, https:\/\/www.marc-weiherhof.ch\/blog\/wp-content\/uploads\/orell-logo-100x100.png 100w, https:\/\/www.marc-weiherhof.ch\/blog\/wp-content\/uploads\/orell-logo-150x150.png 150w, https:\/\/www.marc-weiherhof.ch\/blog\/wp-content\/uploads\/orell-logo-120x120.png 120w\" sizes=\"auto, (max-width: 250px) 100vw, 250px\" \/><\/a><\/figure>\n<\/div>\n<\/div><\/div><\/div>\n<\/div>\n<\/div>\n<\/div>\n\n<div class=\"gb-container gb-container-585978b0\">\n<div class=\"gb-container gb-container-224d69cf\">\n\n<h2 class=\"wp-block-heading\">Worum geht es in dieser Gay Romance?<\/h2>\n\n\n\n<p>Luis ist Busfahrer. Einer von der Sorte, der selbst mit einer schrottreifen Rumpelkarre p\u00fcnktlich ans Ziel kommt, auch wenn seine Fahrg\u00e4ste sich dabei lieber gut festhalten. Weniger rund l\u00e4uft es in seinem Liebesleben. Dort steckt er fest. Frustriert. Ohne Perspektive.<\/p>\n\n\n\n<p>Das \u00e4ndert sich schlagartig, als er bei einem Bodypainting Wettbewerb auf Andy trifft. Attraktiv, selbstbewusst und mit einem K\u00f6rper, der wie geschaffen scheint, in ein Kunstwerk verwandelt zu werden. Was als spielerische Begegnung beginnt, entwickelt sich schnell zu etwas Intensiverem.<\/p>\n\n\n\n<p>Zwischen Farbt\u00f6pfen, alten Blechb\u00fcchsen, langj\u00e4hrigen Freundschaften und ungehemmter Kreativit\u00e4t entsteht eine Liebesgeschichte, die Konventionen sprengt. <em>Alles dreht sich um Eier!<\/em> ist eine Gay Romance \u00fcber Mut, Lust am Leben und die Erkenntnis, dass Liebe manchmal genau dort wartet, wo man sie am wenigsten erwartet.<\/p>\n\n<\/div>\n<\/div>\n\n<div class=\"gb-container gb-container-a060e396\">\n<div class=\"gb-container gb-container-7d3376db\">\n\n<h2 class=\"wp-block-heading\">F\u00fcr wen ist <em>Alles dreht sich um Eier<\/em> geeignet?<\/h2>\n\n\n\n<ul class=\"wp-block-list\">\n<li>Leserinnen und Leser von Gay Romance und MM Romance<\/li>\n\n\n\n<li>Fans von humorvollen, frechen Liebesgeschichten<\/li>\n\n\n\n<li>Menschen, die Kunst, Kreativit\u00e4t und Bodypainting m\u00f6gen<\/li>\n\n\n\n<li>Leserinnen und Leser, die Romantik mit Augenzwinkern sch\u00e4tzen<\/li>\n\n\n\n<li>Alle, die queere Romance mit Farbe, Witz und Herz suchen<\/li>\n<\/ul>\n\n<\/div>\n<\/div>\n\n<div class=\"gb-container gb-container-94e9d46c\">\n<div class=\"gb-container gb-container-69eda6fb\">\n\n<blockquote class=\"wp-block-quote is-layout-flow wp-block-quote-is-layout-flow\">\n<p class=\"has-text-align-center\"><strong><em><strong>\u00ab<\/strong><\/em>Die Entwicklung von Luis\u2018 und Andy\u2018s Romanze und Beziehung hat mich mitgenommen, ber\u00fchrt und mitfiebern lassen.<em><strong>\u00bb<\/strong><\/em><\/strong><\/p>\n\n\n\n<p class=\"has-text-align-center\">Amazon-Rezension von Hedi<\/p>\n<\/blockquote>\n\n<\/div>\n<\/div>\n\n<div class=\"gb-container gb-container-97a03888\">\n\n<h2 class=\"wp-block-heading\">Genres und Tropes<\/h2>\n\n\n\n<ul class=\"wp-block-list\">\n<li>Gay Romance<\/li>\n\n\n\n<li>MM Romance<\/li>\n\n\n\n<li>Humor Romance<\/li>\n\n\n\n<li>Bodypainting<\/li>\n\n\n\n<li>Opposites Attract<\/li>\n\n\n\n<li>Found Family<\/li>\n\n\n\n<li>Sexpositive Romance<\/li>\n\n\n\n<li>Queere Liebesgeschichte<\/li>\n<\/ul>\n\n<\/div>\n\n<div class=\"gb-container gb-container-5f2c76eb\">\n<div class=\"gb-container gb-container-6419cad1\">\n\n<h2 class=\"wp-block-heading\">Neugierig geworden?<\/h2>\n\n\n\n<a class=\"gb-button gb-button-a60fc07b gb-button-text\" href=\"https:\/\/www.amazon.de\/dp\/B07BFMJGMF\">Jetzt bei Amazon lesen<\/a>\n\n<\/div>\n<\/div>\n\n\n<p><\/p>\n","protected":false},"excerpt":{"rendered":"<p>Erh\u00e4ltlich bei diesen Buchhandlungen Du kannst Alles dreht sich um Eier als E Book bei folgenden und vielen weiteren Buchhandlungen kaufen. \u00dcberall, wo du deine Lieblingsb\u00fccher entdeckst. Worum geht es in dieser Gay Romance? Luis ist Busfahrer. Einer von der Sorte, der selbst mit einer schrottreifen Rumpelkarre p\u00fcnktlich ans Ziel &#8230; <\/p>\n<p class=\"read-more-container\"><a title=\"Alles dreht sich um Eier\" class=\"read-more button\" href=\"https:\/\/www.marc-weiherhof.ch\/blog\/buecher\/alles-dreht-sich-um-eier\/#more-8152\" aria-label=\"Mehr Informationen \u00fcber Alles dreht sich um Eier\">Jetzt weiterlesen<\/a><\/p>\n","protected":false},"author":3,"featured_media":0,"parent":888,"menu_order":0,"comment_status":"closed","ping_status":"closed","template":"","meta":{"footnotes":""},"class_list":{"0":"post-8152","1":"page","2":"type-page","3":"status-publish","5":"infinite-scroll-item"},"yoast_head":"<!-- This site is optimized with the Yoast SEO plugin v27.5 - https:\/\/yoast.com\/product\/yoast-seo-wordpress\/ -->\n<title>Alles dreht sich um Eier! | Gay Romance mit Bodypainting<\/title>\n<meta name=\"description\" content=\"Freche Gay Romance \u00fcber Bodypainting, Liebe und Kreativit\u00e4t. Humorvoll, bunt und mit viel Herz. MM Romance von Marc Weiherhof.\" \/>\n<meta name=\"robots\" content=\"index, follow, max-snippet:-1, max-image-preview:large, max-video-preview:-1\" \/>\n<link rel=\"canonical\" href=\"https:\/\/www.marc-weiherhof.ch\/blog\/buecher\/alles-dreht-sich-um-eier\/\" \/>\n<meta property=\"og:locale\" content=\"de_DE\" \/>\n<meta property=\"og:type\" content=\"article\" \/>\n<meta property=\"og:title\" content=\"Alles dreht sich um Eier! | Gay Romance mit Bodypainting\" \/>\n<meta property=\"og:description\" content=\"Freche Gay Romance \u00fcber Bodypainting, Liebe und Kreativit\u00e4t. Humorvoll, bunt und mit viel Herz. MM Romance von Marc Weiherhof.\" \/>\n<meta property=\"og:url\" content=\"https:\/\/www.marc-weiherhof.ch\/blog\/buecher\/alles-dreht-sich-um-eier\/\" \/>\n<meta property=\"og:site_name\" content=\"Marc Weiherhof Autor\" \/>\n<meta property=\"article:publisher\" content=\"http:\/\/www.facebook.com\/marc.weiherhof\" \/>\n<meta property=\"article:modified_time\" content=\"2026-03-31T14:31:41+00:00\" \/>\n<meta property=\"og:image\" content=\"https:\/\/www.marc-weiherhof.ch\/blog\/wp-content\/uploads\/alles-dreht-sich-um-eier-gay-romance-buch-marc-weiherhof.webp\" \/>\n\t<meta property=\"og:image:width\" content=\"1073\" \/>\n\t<meta property=\"og:image:height\" content=\"603\" \/>\n\t<meta property=\"og:image:type\" content=\"image\/webp\" \/>\n<meta name=\"twitter:label1\" content=\"Gesch\u00e4tzte Lesezeit\" \/>\n\t<meta name=\"twitter:data1\" content=\"3\u00a0Minuten\" \/>\n<script type=\"application\/ld+json\" class=\"yoast-schema-graph\">{\"@context\":\"https:\\\/\\\/schema.org\",\"@graph\":[{\"@type\":\"WebPage\",\"@id\":\"https:\\\/\\\/www.marc-weiherhof.ch\\\/blog\\\/buecher\\\/alles-dreht-sich-um-eier\\\/\",\"url\":\"https:\\\/\\\/www.marc-weiherhof.ch\\\/blog\\\/buecher\\\/alles-dreht-sich-um-eier\\\/\",\"name\":\"Alles dreht sich um Eier! | Gay Romance mit Bodypainting\",\"isPartOf\":{\"@id\":\"https:\\\/\\\/www.marc-weiherhof.ch\\\/blog\\\/#website\"},\"primaryImageOfPage\":{\"@id\":\"https:\\\/\\\/www.marc-weiherhof.ch\\\/blog\\\/buecher\\\/alles-dreht-sich-um-eier\\\/#primaryimage\"},\"image\":{\"@id\":\"https:\\\/\\\/www.marc-weiherhof.ch\\\/blog\\\/buecher\\\/alles-dreht-sich-um-eier\\\/#primaryimage\"},\"thumbnailUrl\":\"https:\\\/\\\/www.marc-weiherhof.ch\\\/blog\\\/wp-content\\\/uploads\\\/alles-dreht-sich-um-eier-gay-romance-buch-marc-weiherhof-1024x575.webp\",\"datePublished\":\"2026-02-08T20:59:52+00:00\",\"dateModified\":\"2026-03-31T14:31:41+00:00\",\"description\":\"Freche Gay Romance \u00fcber Bodypainting, Liebe und Kreativit\u00e4t. Humorvoll, bunt und mit viel Herz. MM Romance von Marc Weiherhof.\",\"breadcrumb\":{\"@id\":\"https:\\\/\\\/www.marc-weiherhof.ch\\\/blog\\\/buecher\\\/alles-dreht-sich-um-eier\\\/#breadcrumb\"},\"inLanguage\":\"de\",\"potentialAction\":[{\"@type\":\"ReadAction\",\"target\":[\"https:\\\/\\\/www.marc-weiherhof.ch\\\/blog\\\/buecher\\\/alles-dreht-sich-um-eier\\\/\"]}]},{\"@type\":\"ImageObject\",\"inLanguage\":\"de\",\"@id\":\"https:\\\/\\\/www.marc-weiherhof.ch\\\/blog\\\/buecher\\\/alles-dreht-sich-um-eier\\\/#primaryimage\",\"url\":\"https:\\\/\\\/www.marc-weiherhof.ch\\\/blog\\\/wp-content\\\/uploads\\\/alles-dreht-sich-um-eier-gay-romance-buch-marc-weiherhof.webp\",\"contentUrl\":\"https:\\\/\\\/www.marc-weiherhof.ch\\\/blog\\\/wp-content\\\/uploads\\\/alles-dreht-sich-um-eier-gay-romance-buch-marc-weiherhof.webp\",\"width\":1073,\"height\":603},{\"@type\":\"BreadcrumbList\",\"@id\":\"https:\\\/\\\/www.marc-weiherhof.ch\\\/blog\\\/buecher\\\/alles-dreht-sich-um-eier\\\/#breadcrumb\",\"itemListElement\":[{\"@type\":\"ListItem\",\"position\":1,\"name\":\"Marc Weiherhofs Blog\",\"item\":\"https:\\\/\\\/www.marc-weiherhof.ch\\\/blog\\\/\"},{\"@type\":\"ListItem\",\"position\":2,\"name\":\"Marcs B\u00fccher\",\"item\":\"https:\\\/\\\/www.marc-weiherhof.ch\\\/blog\\\/buecher\\\/\"},{\"@type\":\"ListItem\",\"position\":3,\"name\":\"Alles dreht sich um Eier\"}]},{\"@type\":\"WebSite\",\"@id\":\"https:\\\/\\\/www.marc-weiherhof.ch\\\/blog\\\/#website\",\"url\":\"https:\\\/\\\/www.marc-weiherhof.ch\\\/blog\\\/\",\"name\":\"Marc Weiherhof MM Romance Autor\",\"description\":\"Homo-Romane, schwule Literatur, queer, schwul, Autor, Gay-Genre, Marc Weiherhof, Homo-B\u00fccher, Gay Romance, Autor, MM Romance\",\"publisher\":{\"@id\":\"https:\\\/\\\/www.marc-weiherhof.ch\\\/blog\\\/#organization\"},\"potentialAction\":[{\"@type\":\"SearchAction\",\"target\":{\"@type\":\"EntryPoint\",\"urlTemplate\":\"https:\\\/\\\/www.marc-weiherhof.ch\\\/blog\\\/?s={search_term_string}\"},\"query-input\":{\"@type\":\"PropertyValueSpecification\",\"valueRequired\":true,\"valueName\":\"search_term_string\"}}],\"inLanguage\":\"de\"},{\"@type\":\"Organization\",\"@id\":\"https:\\\/\\\/www.marc-weiherhof.ch\\\/blog\\\/#organization\",\"name\":\"Marc Weiherhof\",\"url\":\"https:\\\/\\\/www.marc-weiherhof.ch\\\/blog\\\/\",\"logo\":{\"@type\":\"ImageObject\",\"inLanguage\":\"de\",\"@id\":\"https:\\\/\\\/www.marc-weiherhof.ch\\\/blog\\\/#\\\/schema\\\/logo\\\/image\\\/\",\"url\":\"https:\\\/\\\/www.marc-weiherhof.ch\\\/blog\\\/wp-content\\\/uploads\\\/MW-Logo-unten.svg\",\"contentUrl\":\"https:\\\/\\\/www.marc-weiherhof.ch\\\/blog\\\/wp-content\\\/uploads\\\/MW-Logo-unten.svg\",\"width\":1,\"height\":1,\"caption\":\"Marc Weiherhof\"},\"image\":{\"@id\":\"https:\\\/\\\/www.marc-weiherhof.ch\\\/blog\\\/#\\\/schema\\\/logo\\\/image\\\/\"},\"sameAs\":[\"http:\\\/\\\/www.facebook.com\\\/marc.weiherhof\",\"https:\\\/\\\/www.instagram.com\\\/marcweiherhofautor\\\/\"]}]}<\/script>\n<!-- \/ Yoast SEO plugin. -->","yoast_head_json":{"title":"Alles dreht sich um Eier! | Gay Romance mit Bodypainting","description":"Freche Gay Romance \u00fcber Bodypainting, Liebe und Kreativit\u00e4t. Humorvoll, bunt und mit viel Herz. MM Romance von Marc Weiherhof.","robots":{"index":"index","follow":"follow","max-snippet":"max-snippet:-1","max-image-preview":"max-image-preview:large","max-video-preview":"max-video-preview:-1"},"canonical":"https:\/\/www.marc-weiherhof.ch\/blog\/buecher\/alles-dreht-sich-um-eier\/","og_locale":"de_DE","og_type":"article","og_title":"Alles dreht sich um Eier! | Gay Romance mit Bodypainting","og_description":"Freche Gay Romance \u00fcber Bodypainting, Liebe und Kreativit\u00e4t. Humorvoll, bunt und mit viel Herz. MM Romance von Marc Weiherhof.","og_url":"https:\/\/www.marc-weiherhof.ch\/blog\/buecher\/alles-dreht-sich-um-eier\/","og_site_name":"Marc Weiherhof Autor","article_publisher":"http:\/\/www.facebook.com\/marc.weiherhof","article_modified_time":"2026-03-31T14:31:41+00:00","og_image":[{"width":1073,"height":603,"url":"https:\/\/www.marc-weiherhof.ch\/blog\/wp-content\/uploads\/alles-dreht-sich-um-eier-gay-romance-buch-marc-weiherhof.webp","type":"image\/webp"}],"twitter_misc":{"Gesch\u00e4tzte Lesezeit":"3\u00a0Minuten"},"schema":{"@context":"https:\/\/schema.org","@graph":[{"@type":"WebPage","@id":"https:\/\/www.marc-weiherhof.ch\/blog\/buecher\/alles-dreht-sich-um-eier\/","url":"https:\/\/www.marc-weiherhof.ch\/blog\/buecher\/alles-dreht-sich-um-eier\/","name":"Alles dreht sich um Eier! | Gay Romance mit Bodypainting","isPartOf":{"@id":"https:\/\/www.marc-weiherhof.ch\/blog\/#website"},"primaryImageOfPage":{"@id":"https:\/\/www.marc-weiherhof.ch\/blog\/buecher\/alles-dreht-sich-um-eier\/#primaryimage"},"image":{"@id":"https:\/\/www.marc-weiherhof.ch\/blog\/buecher\/alles-dreht-sich-um-eier\/#primaryimage"},"thumbnailUrl":"https:\/\/www.marc-weiherhof.ch\/blog\/wp-content\/uploads\/alles-dreht-sich-um-eier-gay-romance-buch-marc-weiherhof-1024x575.webp","datePublished":"2026-02-08T20:59:52+00:00","dateModified":"2026-03-31T14:31:41+00:00","description":"Freche Gay Romance \u00fcber Bodypainting, Liebe und Kreativit\u00e4t. Humorvoll, bunt und mit viel Herz. MM Romance von Marc Weiherhof.","breadcrumb":{"@id":"https:\/\/www.marc-weiherhof.ch\/blog\/buecher\/alles-dreht-sich-um-eier\/#breadcrumb"},"inLanguage":"de","potentialAction":[{"@type":"ReadAction","target":["https:\/\/www.marc-weiherhof.ch\/blog\/buecher\/alles-dreht-sich-um-eier\/"]}]},{"@type":"ImageObject","inLanguage":"de","@id":"https:\/\/www.marc-weiherhof.ch\/blog\/buecher\/alles-dreht-sich-um-eier\/#primaryimage","url":"https:\/\/www.marc-weiherhof.ch\/blog\/wp-content\/uploads\/alles-dreht-sich-um-eier-gay-romance-buch-marc-weiherhof.webp","contentUrl":"https:\/\/www.marc-weiherhof.ch\/blog\/wp-content\/uploads\/alles-dreht-sich-um-eier-gay-romance-buch-marc-weiherhof.webp","width":1073,"height":603},{"@type":"BreadcrumbList","@id":"https:\/\/www.marc-weiherhof.ch\/blog\/buecher\/alles-dreht-sich-um-eier\/#breadcrumb","itemListElement":[{"@type":"ListItem","position":1,"name":"Marc Weiherhofs Blog","item":"https:\/\/www.marc-weiherhof.ch\/blog\/"},{"@type":"ListItem","position":2,"name":"Marcs B\u00fccher","item":"https:\/\/www.marc-weiherhof.ch\/blog\/buecher\/"},{"@type":"ListItem","position":3,"name":"Alles dreht sich um Eier"}]},{"@type":"WebSite","@id":"https:\/\/www.marc-weiherhof.ch\/blog\/#website","url":"https:\/\/www.marc-weiherhof.ch\/blog\/","name":"Marc Weiherhof MM Romance Autor","description":"Homo-Romane, schwule Literatur, queer, schwul, Autor, Gay-Genre, Marc Weiherhof, Homo-B\u00fccher, Gay Romance, Autor, MM Romance","publisher":{"@id":"https:\/\/www.marc-weiherhof.ch\/blog\/#organization"},"potentialAction":[{"@type":"SearchAction","target":{"@type":"EntryPoint","urlTemplate":"https:\/\/www.marc-weiherhof.ch\/blog\/?s={search_term_string}"},"query-input":{"@type":"PropertyValueSpecification","valueRequired":true,"valueName":"search_term_string"}}],"inLanguage":"de"},{"@type":"Organization","@id":"https:\/\/www.marc-weiherhof.ch\/blog\/#organization","name":"Marc Weiherhof","url":"https:\/\/www.marc-weiherhof.ch\/blog\/","logo":{"@type":"ImageObject","inLanguage":"de","@id":"https:\/\/www.marc-weiherhof.ch\/blog\/#\/schema\/logo\/image\/","url":"https:\/\/www.marc-weiherhof.ch\/blog\/wp-content\/uploads\/MW-Logo-unten.svg","contentUrl":"https:\/\/www.marc-weiherhof.ch\/blog\/wp-content\/uploads\/MW-Logo-unten.svg","width":1,"height":1,"caption":"Marc Weiherhof"},"image":{"@id":"https:\/\/www.marc-weiherhof.ch\/blog\/#\/schema\/logo\/image\/"},"sameAs":["http:\/\/www.facebook.com\/marc.weiherhof","https:\/\/www.instagram.com\/marcweiherhofautor\/"]}]}},"_links":{"self":[{"href":"https:\/\/www.marc-weiherhof.ch\/blog\/wp-json\/wp\/v2\/pages\/8152","targetHints":{"allow":["GET"]}}],"collection":[{"href":"https:\/\/www.marc-weiherhof.ch\/blog\/wp-json\/wp\/v2\/pages"}],"about":[{"href":"https:\/\/www.marc-weiherhof.ch\/blog\/wp-json\/wp\/v2\/types\/page"}],"author":[{"embeddable":true,"href":"https:\/\/www.marc-weiherhof.ch\/blog\/wp-json\/wp\/v2\/users\/3"}],"replies":[{"embeddable":true,"href":"https:\/\/www.marc-weiherhof.ch\/blog\/wp-json\/wp\/v2\/comments?post=8152"}],"version-history":[{"count":1,"href":"https:\/\/www.marc-weiherhof.ch\/blog\/wp-json\/wp\/v2\/pages\/8152\/revisions"}],"predecessor-version":[{"id":8917,"href":"https:\/\/www.marc-weiherhof.ch\/blog\/wp-json\/wp\/v2\/pages\/8152\/revisions\/8917"}],"up":[{"embeddable":true,"href":"https:\/\/www.marc-weiherhof.ch\/blog\/wp-json\/wp\/v2\/pages\/888"}],"wp:attachment":[{"href":"https:\/\/www.marc-weiherhof.ch\/blog\/wp-json\/wp\/v2\/media?parent=8152"}],"curies":[{"name":"wp","href":"https:\/\/api.w.org\/{rel}","templated":true}]}}